{"id":4516,"date":"2024-06-26T16:16:34","date_gmt":"2024-06-26T13:16:34","guid":{"rendered":"https:\/\/turklezzetmuzesi.com\/tr\/?post_type=job_listing&#038;p=4516"},"modified":"2024-09-05T17:56:35","modified_gmt":"2024-09-05T14:56:35","slug":"tarihi-ortaklar-copsis","status":"publish","type":"job_listing","link":"http:\/\/turklezzetmuzesi.com\/tr\/index.php\/ilan\/tarihi-ortaklar-copsis\/","title":{"rendered":"Tarihi Ortaklar \u00c7\u00f6p\u015fi\u015f"},"content":{"rendered":"<p>[vc_row][vc_column]<div class=\"eltd-elements-holder eltd-one-column eltd-responsive-mode-768\" ><div class=\"eltd-eh-item \"  data-item-class=\"eltd-eh-custom-919647\">\n\t<div class=\"eltd-eh-item-inner\">\n\t\t<div class=\"eltd-eh-item-content eltd-eh-custom-919647\" >\n\t\t\t[vc_custom_heading text=&#8221;<strong>\u00c7\u00f6p\u015fi\u015fte tarihi lezzet.<\/strong>&#8221; font_container=&#8221;tag:h2|font_size:20|text_align:left&#8221; google_fonts=&#8221;font_family:Titillium%20Web%3A200%2C200italic%2C300%2C300italic%2Cregular%2Citalic%2C600%2C600italic%2C700%2C700italic%2C900|font_style:400%20regular%3A400%3Anormal&#8221;][vc_column_text]<\/p>\n<p>Her \u015fey 140 y\u0131l \u00f6nce, Ayd\u0131n\u2019da turistik<\/p>\n<p>b\u00f6lgelere giden otob\u00fcs ve tren yolcular\u0131na<\/p>\n<p>ekmek aras\u0131 \u00e7\u00f6p\u015fi\u015f servisiyle ba\u015flad\u0131.<\/p>\n<p>Lokomotifin sesi duyulur duyulmaz \u00e7\u00f6p\u015fi\u015fler<\/p>\n<p>\u0131zgaraya at\u0131l\u0131rd\u0131. 1970\u2019li y\u0131llarda seyyar<\/p>\n<p>\u00e7\u00f6p\u015fi\u015f\u00e7ilerin yerini restoranlar ald\u0131 ve biri,<\/p>\n<p>\u00e7\u00f6p\u015fi\u015finin lezzetine bakmadan ge\u00e7ilemeyen<\/p>\n<p>Ortaklar\u2019d\u0131.<\/p>\n<p>&nbsp;<\/p>\n<p>\u00c7ok zaman ge\u00e7ti ama Ortaklar \u00c7\u00f6p\u015fi\u015f<\/p>\n<p>de\u011fi\u015fmedi. Yine \u00f6nce s\u00fctle marine ediliyor,<\/p>\n<p>s\u00fct danas\u0131n\u0131n yan\u0131na kuzu kuyruk ya\u011f\u0131<\/p>\n<p>ekleniyor ve \u015fi\u015fler bir g\u00fcn ba\u015f a\u015fa\u011f\u0131<\/p>\n<p>dinlendiriliyor, sonra \u0131zgaraya diziliyor.<\/p>\n<p>&nbsp;<\/p>\n<p>Izgara sonras\u0131 tarihi lezzet fark\u0131 i\u00e7in, Tarihi<\/p>\n<p>Ortaklar \u00c7\u00f6p\u015fi\u015f, 42\u2019de, Gastro Museum\u2019da.<\/p>\n<p>[\/vc_column_text]\t\t<\/div>\n\t<\/div>\n<\/div><\/div>[\/vc_column][\/vc_row]<\/p>\n","protected":false},"author":1,"featured_media":4532,"comment_status":"closed","ping_status":"closed","template":"","meta":{"_job_location":"42 Maslak, \u0130stanbul","_application":"ramazan@42marketinglab.com","_company_name":"Tarihi Ortaklar \u00c7\u00f6p\u015fi\u015f","_company_tagline":"","_company_twitter":"","_company_video":"","_filled":0,"_featured":0,"_remote_position":0,"_job_salary":"","_job_salary_currency":"","_job_salary_unit":""},"job-types":[],"_links":{"self":[{"href":"http:\/\/turklezzetmuzesi.com\/tr\/index.php\/wp-json\/wp\/v2\/job-listings\/4516"}],"collection":[{"href":"http:\/\/turklezzetmuzesi.com\/tr\/index.php\/wp-json\/wp\/v2\/job-listings"}],"about":[{"href":"http:\/\/turklezzetmuzesi.com\/tr\/index.php\/wp-json\/wp\/v2\/types\/job_listing"}],"author":[{"embeddable":true,"href":"http:\/\/turklezzetmuzesi.com\/tr\/index.php\/wp-json\/wp\/v2\/users\/1"}],"replies":[{"embeddable":true,"href":"http:\/\/turklezzetmuzesi.com\/tr\/index.php\/wp-json\/wp\/v2\/comments?post=4516"}],"wp:featuredmedia":[{"embeddable":true,"href":"http:\/\/turklezzetmuzesi.com\/tr\/index.php\/wp-json\/wp\/v2\/media\/4532"}],"wp:attachment":[{"href":"http:\/\/turklezzetmuzesi.com\/tr\/index.php\/wp-json\/wp\/v2\/media?parent=4516"}],"wp:term":[{"taxonomy":"job_listing_type","embeddable":true,"href":"http:\/\/turklezzetmuzesi.com\/tr\/index.php\/wp-json\/wp\/v2\/job-types?post=4516"}],"curies":[{"name":"wp","href":"https:\/\/api.w.org\/{rel}","templated":true}]}}

Tarihi Ortaklar Çöpşiş

<p>[vc_row][vc_column]<div class="eltd-elements-holder eltd-one-column eltd-responsive-mode-768" ><div class="eltd-eh-item "  data-item-class="eltd-eh-custom-919647">
	<div class="eltd-eh-item-inner">
		<div class="eltd-eh-item-content eltd-eh-custom-919647" >
			[vc_custom_heading text=&#8221;<strong>Çöpşişte tarihi lezzet.</strong>&#8221; font_container=&#8221;tag:h2|font_size:20|text_align:left&#8221; google_fonts=&#8221;font_family:Titillium%20Web%3A200%2C200italic%2C300%2C300italic%2Cregular%2Citalic%2C600%2C600italic%2C700%2C700italic%2C900|font_style:400%20regular%3A400%3Anormal&#8221;][vc_column_text]</p>
<p>Her şey 140 yıl önce, Aydın’da turistik</p>
<p>bölgelere giden otobüs ve tren yolcularına</p>
<p>ekmek arası çöpşiş servisiyle başladı.</p>
<p>Lokomotifin sesi duyulur duyulmaz çöpşişler</p>
<p>ızgaraya atılırdı. 1970’li yıllarda seyyar</p>
<p>çöpşişçilerin yerini restoranlar aldı ve biri,</p>
<p>çöpşişinin lezzetine bakmadan geçilemeyen</p>
<p>Ortaklar’dı.</p>
<p>&nbsp;</p>
<p>Çok zaman geçti ama Ortaklar Çöpşiş</p>
<p>değişmedi. Yine önce sütle marine ediliyor,</p>
<p>süt danasının yanına kuzu kuyruk yağı</p>
<p>ekleniyor ve şişler bir gün baş aşağı</p>
<p>dinlendiriliyor, sonra ızgaraya diziliyor.</p>
<p>&nbsp;</p>
<p>Izgara sonrası tarihi lezzet farkı için, Tarihi</p>
<p>Ortaklar Çöpşiş, 42’de, Gastro Museum’da.</p>
<p>[/vc_column_text]		</div>
	</div>
</div></div>[/vc_column][/vc_row]</p>

42 Maslak, İstanbul
